{"id":529,"date":"2026-04-28T20:46:22","date_gmt":"2026-04-28T20:46:22","guid":{"rendered":"http:\/\/www.erkanticaret.net\/?page_id=529"},"modified":"2026-04-28T21:44:23","modified_gmt":"2026-04-28T21:44:23","slug":"misir-ve-bugday-unu","status":"publish","type":"page","link":"http:\/\/www.erkanticaret.net\/?page_id=529","title":{"rendered":"M\u0131s\u0131r ve Bu\u011fday unu"},"content":{"rendered":"\t\t<div data-elementor-type=\"wp-page\" data-elementor-id=\"529\" class=\"elementor elementor-529\">\n\t\t\t\t<div class=\"elementor-element elementor-element-e1211a4 e-flex e-con-boxed e-con e-parent\" data-id=\"e1211a4\" data-element_type=\"container\" data-e-type=\"container\">\n\t\t\t\t\t<div class=\"e-con-inner\">\n\t\t\t\t<div class=\"elementor-element elementor-element-aa002ee e-con e-atomic-element e-div-block-base e-aa002ee-ab178dd\" data-id=\"aa002ee\" data-element_type=\"e-div-block\" data-e-type=\"e-div-block\" data-interaction-id=\"aa002ee\">\n\t\t\t\t\t\t  \t<video\n    data-id=\"db601ac\" data-interaction-id=\"db601ac\"\n    data-e-type=\"e-self-hosted-video\" data-interactions=\"null\"\n    \n    class=\"e-db601ac-8979f16 e-self-hosted-video-base\"\n    \n\t\tclass=\"e-self-hosted-video-base\"\n\t\t\t\tautoplay\t\tmuted\t\tloop\t\tcontrols\t\tplaysinline\t\tcontrolslist=\"nodownload\"\t\tpreload=\"auto\"\n\t>\n\t\t<source src=\"http:\/\/www.erkanticaret.net\/wp-content\/uploads\/2026\/04\/DRTDFYT.mp4#t=0\">\n\t<\/video>\n\t\t\t\t<\/div>\n\t\t\t\t\t<\/div>\n\t\t\t\t<\/div>\n\t\t<div class=\"elementor-element elementor-element-e23d326 e-flex e-con-boxed e-con e-parent\" data-id=\"e23d326\" data-element_type=\"container\" data-e-type=\"container\">\n\t\t\t\t\t<div class=\"e-con-inner\">\n\t\t<div class=\"elementor-element elementor-element-6f4d8d0 e-con-full e-flex e-con e-child\" data-id=\"6f4d8d0\" data-element_type=\"container\" data-e-type=\"container\">\n\t\t\t\t\t\t\t\n\t\t\t<img fetchpriority=\"high\" decoding=\"async\" class=\"e-image-base \" data-interaction-id=\"08b6ca6\" id=\"545\" src=\"http:\/\/www.erkanticaret.net\/wp-content\/uploads\/2026\/04\/misir-unu.jpg\" width=\"548\" height=\"171\" srcset=\"http:\/\/www.erkanticaret.net\/wp-content\/uploads\/2026\/04\/misir-unu.jpg 548w, http:\/\/www.erkanticaret.net\/wp-content\/uploads\/2026\/04\/misir-unu-300x94.jpg 300w\" alt=\"\" title=\"\">\n\t\t\t\t\t<\/div>\n\t\t<div class=\"elementor-element elementor-element-5624b5a e-con-full e-flex e-con e-child\" data-id=\"5624b5a\" data-element_type=\"container\" data-e-type=\"container\">\n\t\t\t\t\t\t\t<h2 \n\t\tdata-interaction-id=\"781a907\" \n\t\tclass=\"e-781a907-bd147b4 e-heading-base\" \n\t\t \n\t\t\n\t>\n\t\n\t\t\tM\u0131s\u0131r unu\n\t\t<\/h2>\n\t\t\t\t<\/div>\n\t\t<div class=\"elementor-element elementor-element-c50effb e-con-full e-flex e-con e-child\" data-id=\"c50effb\" data-element_type=\"container\" data-e-type=\"container\">\n\t\t\t\t\t\t\t<h2 \n\t\tdata-interaction-id=\"4131379\" \n\t\tclass=\"e-4131379-a828c75 e-heading-base\" \n\t\t \n\t\t\n\t>\n\t\n\t\t\tBeyaz M\u0131s\u0131r unu\n\t\t<\/h2>\n\t\t\t\t<\/div>\n\t\t<div class=\"elementor-element elementor-element-fdeceb1 e-con-full e-flex e-con e-child\" data-id=\"fdeceb1\" data-element_type=\"container\" data-e-type=\"container\">\n\t\t\t\t\t\t\t\n\t\t\t<img decoding=\"async\" class=\"e-image-base e-235e40c-60d917a\" data-interaction-id=\"235e40c\" id=\"545\" src=\"http:\/\/www.erkanticaret.net\/wp-content\/uploads\/2026\/04\/misir-unu.jpg\" width=\"548\" height=\"171\" srcset=\"http:\/\/www.erkanticaret.net\/wp-content\/uploads\/2026\/04\/misir-unu.jpg 548w, http:\/\/www.erkanticaret.net\/wp-content\/uploads\/2026\/04\/misir-unu-300x94.jpg 300w\" alt=\"\" title=\"\">\n\t\t\t\t\t<\/div>\n\t\t\t\t\t<\/div>\n\t\t\t\t<\/div>\n\t\t\t\t<\/div>\n\t\t","protected":false},"excerpt":{"rendered":"<p>M\u0131s\u0131r unu Beyaz M\u0131s\u0131r unu<\/p>\n","protected":false},"author":1,"featured_media":0,"parent":374,"menu_order":0,"comment_status":"closed","ping_status":"closed","template":"","meta":{"site-sidebar-layout":"no-sidebar","site-content-layout":"","ast-site-content-layout":"full-width-container","site-content-style":"default","site-sidebar-style":"default","ast-global-header-display":"","ast-banner-title-visibility":"","ast-main-header-display":"","ast-hfb-above-header-display":"","ast-hfb-below-header-display":"","ast-hfb-mobile-header-display":"","site-post-title":"disabled","ast-breadcrumbs-content":"","ast-featured-img":"disabled","footer-sml-layout":"","ast-disable-related-posts":"","theme-transparent-header-meta":"","adv-header-id-meta":"","stick-header-meta":"","header-above-stick-meta":"","header-main-stick-meta":"","header-below-stick-meta":"","astra-migrate-meta-layouts":"default","ast-page-background-enabled":"default","ast-page-background-meta":{"desktop":{"background-color":"var(--ast-global-color-5)","background-image":"","background-repeat":"repeat","background-position":"center center","background-size":"auto","background-attachment":"scroll","background-type":"","background-media":"","overlay-type":"","overlay-color":"","overlay-opacity":"","overlay-gradient":""},"tablet":{"background-color":"","background-image":"","background-repeat":"repeat","background-position":"center center","background-size":"auto","background-attachment":"scroll","background-type":"","background-media":"","overlay-type":"","overlay-color":"","overlay-opacity":"","overlay-gradient":""},"mobile":{"background-color":"","background-image":"","background-repeat":"repeat","background-position":"center center","background-size":"auto","background-attachment":"scroll","background-type":"","background-media":"","overlay-type":"","overlay-color":"","overlay-opacity":"","overlay-gradient":""}},"ast-content-background-meta":{"desktop":{"background-color":"var(--ast-global-color-4)","background-image":"","background-repeat":"repeat","background-position":"center center","background-size":"auto","background-attachment":"scroll","background-type":"","background-media":"","overlay-type":"","overlay-color":"","overlay-opacity":"","overlay-gradient":""},"tablet":{"background-color":"var(--ast-global-color-4)","background-image":"","background-repeat":"repeat","background-position":"center center","background-size":"auto","background-attachment":"scroll","background-type":"","background-media":"","overlay-type":"","overlay-color":"","overlay-opacity":"","overlay-gradient":""},"mobile":{"background-color":"var(--ast-global-color-4)","background-image":"","background-repeat":"repeat","background-position":"center center","background-size":"auto","background-attachment":"scroll","background-type":"","background-media":"","overlay-type":"","overlay-color":"","overlay-opacity":"","overlay-gradient":""}},"footnotes":""},"class_list":["post-529","page","type-page","status-publish","hentry"],"_links":{"self":[{"href":"http:\/\/www.erkanticaret.net\/index.php?rest_route=\/wp\/v2\/pages\/529","targetHints":{"allow":["GET"]}}],"collection":[{"href":"http:\/\/www.erkanticaret.net\/index.php?rest_route=\/wp\/v2\/pages"}],"about":[{"href":"http:\/\/www.erkanticaret.net\/index.php?rest_route=\/wp\/v2\/types\/page"}],"author":[{"embeddable":true,"href":"http:\/\/www.erkanticaret.net\/index.php?rest_route=\/wp\/v2\/users\/1"}],"replies":[{"embeddable":true,"href":"http:\/\/www.erkanticaret.net\/index.php?rest_route=%2Fwp%2Fv2%2Fcomments&post=529"}],"version-history":[{"count":32,"href":"http:\/\/www.erkanticaret.net\/index.php?rest_route=\/wp\/v2\/pages\/529\/revisions"}],"predecessor-version":[{"id":572,"href":"http:\/\/www.erkanticaret.net\/index.php?rest_route=\/wp\/v2\/pages\/529\/revisions\/572"}],"up":[{"embeddable":true,"href":"http:\/\/www.erkanticaret.net\/index.php?rest_route=\/wp\/v2\/pages\/374"}],"wp:attachment":[{"href":"http:\/\/www.erkanticaret.net\/index.php?rest_route=%2Fwp%2Fv2%2Fmedia&parent=529"}],"curies":[{"name":"wp","href":"https:\/\/api.w.org\/{rel}","templated":true}]}}